14*(-1)/(-2). Suppose 0 = 2*n - g - 15. Let w = -136 + 253. What is the greatest common factor of w and n?
13
Let s be 1 - (-5)/(20/36). Let t(d) = 14*d + 13. Let f be t(s). What is the highest common divisor of 17 and f?
17
Let x = 652 - 628. Let c = 75 + -51. What is the greatest common divisor of x and c?
24
Let y = -22 + 27. Suppose -y*t + u + 24 = 0, -2*t + 3*u + 5 = -2*u. Let d(b) = -14*b - 1. Let k be d(-4). What is the highest common factor of k and t?
5
Suppose -8 - 24 = -y. Suppose 192*s - 162*s = 6720. What is the greatest common factor of s and y?
32
Let l be (-6)/(0 + 2) - (8 - 12). Let i(r) = 7*r - 1. Let o be i(l). Calculate the highest common factor of 54 and o.
6
Let r = 9 + 0. Suppose 4*j = -5*s + s, -2*j + s + r = 0. Let o be -3*2/j*-11. Calculate the highest common divisor of o and 66.
22
Suppose -4*t + 18 = -t. Suppose -2*f - 48 = -t*f. What is the highest common factor of f and 2?
2
Let r = -1 + 3. Let i = 18 - 15. Suppose 0 = -3*u + c + 8, i*c + 26 = u - 2*c. What is the highest common factor of r and u?
1
Suppose f + 6 - 3 = 0. Let t = 7 - f. What is the greatest common divisor of 70 and t?
10
Suppose 90 = 5*c + 3*b, -4*b = -4*c + 27 + 13. Calculate the greatest common divisor of 175 and c.
5
Let s be 17/(-51)*5/((-5)/228). What is the greatest common divisor of 1216 and s?
76
Let k be ((-2)/6)/(3/(-27)). Suppose 2*m - 22 = 5*y + 91, -3*m + 3*y = -147. Let b = m + -41. What is the highest common factor of k and b?
3
Suppose -6*i - 5*a + 22 = -7*i, -2*a = 5*i - 25. What is the greatest common factor of 249 and i?
3
Let t = 281 - 231. Let r be 0/3 + (-150)/(-2). Calculate the greatest common factor of r and t.
25
Suppose 52*n = 12*n + 200. Suppose -v - 90 = -3*v. Calculate the highest common divisor of v and n.
5
Let v = 682 - 411. Let h = -122 + v. Suppose 2*r + h = 3*j + 49, 0 = -r - 5. Calculate the greatest common factor of j and 12.
6
Let w(n) be the first derivative of 3*n + 5/2*n**2 - 1 + 2/3*n**3. Let f be w(6). Calculate the greatest common divisor of f and 21.
21
Suppose 0 = -c + 5*c + 24. Let j be ((-2)/5)/(c/1050). Let r be 30 - -2*3/(-3). What is the greatest common factor of r and j?
14
Let k be 1 - 51/(-9) - 20/30. What is the highest common factor of 276 and k?
6
Let v = 49 - 35. Let n = -10 + v. Suppose -2*z + n + 2 = 0. Calculate the highest common factor of 27 and z.
3
Let g be (60/28*2)/((-1)/(-21)). What is the greatest common divisor of 40 and g?
10
Suppose 3*b - 87 = 12. Let f = -25 + b. What is the highest common factor of 64 and f?
8
Let i be -1 + (34 - (0 - -3)). Suppose -14*t + 11*t = -i. Calculate the greatest common factor of t and 40.
10
Let a be 0/3*4/(-8). Suppose a = -7*n + 5*n + 96. Calculate the highest common factor of 12 and n.
12
Let i = -4 + 7. Let g be -6*i*10/(-36). Suppose g*n + 2*s = s + 20, 20 = -4*s. Calculate the greatest common factor of n and 45.
5
Let d(h) = -h**2 + 6*h + 29. Let t(q) = -q - 1. Let x(n) = -d(n) + 4*t(n). Let p be x(14). Calculate the highest common divisor of p and 46.
23
Let f(c) = -3*c**3 + 2*c**2 + 3*c + 1. Let l = -110 + 108. Let b be f(l). Calculate the highest common factor of 27 and b.
27
Let u be -2 + 2 - (1 + -155). Suppose h + 90 = 4*c, -2*c + 4*h = -0*h - 52. What is the greatest common divisor of u and c?
22
Suppose -3*a - 640 = -5*m - 8*a, 4*a - 266 = -2*m. Let b = 565 - 524. Calculate the greatest common factor of m and b.
41
Let n be 69/2 - (-15)/10. Let z = 60 - n. What is the highest common divisor of 6 and z?
6
Let a be (17 - 5/(-1)) + 6*-1. What is the highest common factor of 80 and a?
16
Suppose 0 = -2*h + 3*v - 4*v + 137, 0 = h + 5*v - 82. Suppose -2*z = -125 - h. What is the greatest common divisor of z and 32?
32
Let y = 423 + -404. What is the highest common factor of y and 1558?
19
Let f(j) be the third derivative of j**4/24 - j**3/3 + 3*j**2. Let l be f(-8). Let p be (572/(-10))/(l/50). Calculate the greatest common divisor of 26 and p.
26
Let c(i) = -46*i - 74. Let t be c(-2). Calculate the greatest common divisor of t and 144.
18
Let c = 8 - -16. Let l(h) = h**2 - 26*h - 152. Let a be l(34). What is the greatest common factor of c and a?
24
Suppose 9*f - 48 = 15. Let i = -10 - -14. Suppose -5*o - 103 = -2*w, 0*o - 193 = -i*w - 3*o. What is the highest common divisor of f and w?
7
Let t = -48 - -111. Suppose 5*o - c = c + t, c + 37 = 3*o. Calculate the greatest common divisor of o and 11.
11
Let t be (-94)/(-329) - 1816/(-14). Calculate the greatest common divisor of t and 299.
13
Let o be 4/(-2)*(-144)/9. Calculate the greatest common factor of o and 4.
4
Let h(t) = -t**2 - 3*t - 8. Let i be h(-6). Let g be 4*-1 + (2 - i). Calculate the greatest common divisor of g and 3.
3
Let y(q) be the second derivative of -7*q**3/6 + 5*q**2/2 - 11*q. Let z be y(-1). Let r = 3 + -1. What is the greatest common divisor of z and r?
2
Let k be 11/(-55) + (-11)/(-5). Let x = k + -12. Let v = 15 + x. Calculate the greatest common factor of v and 1.
1
Suppose 20*z - 21 - 5559 = 0. Calculate the highest common factor of 18 and z.
9
Let g(k) = -k**3 + k**2 + k + 8. Let m be g(0). Let p = 563 - 361. Suppose 4*o = -p + 490. What is the greatest common divisor of o and m?
8
Let o = 329 + -284. Calculate the highest common factor of o and 90.
45
Let x be (-12)/(-1)*(1 - 0). Let r = 1334 - 1310. Calculate the greatest common factor of r and x.
12
Suppose 0 = 83*d - 85*d - 3*n + 366, 3*d - 2*n = 575. Calculate the greatest common factor of d and 297.
27
Let f(g) = g**2 + 9*g + 8. Let j be f(-8). Suppose 5*m + 2*o = o + 34, -2*m + 3*o = j. What is the highest common divisor of m and 48?
6
Suppose 78 - 406 = -2*x - 4*t, -527 = -3*x + t. Let u = -93 + x. Let v = 8 + 1. What is the highest common factor of v and u?
9
Suppose 0 = 2*a - p - 29, -25 = -3*p - 2*p. Let w = -30 + 14. Let o = w + a. Calculate the highest common divisor of 5 and o.
1
Let z be -2*(-4 + 74/4). Let l = 41 + z. Suppose -l = 3*t - 2*j - 184, 5*j - 320 = -5*t. Calculate the highest common divisor of 40 and t.
20
Let g(s) be the third derivative of s**5/30 - s**4/4 + 13*s**3/6 + s**2. Let d be g(11). Suppose -2*b = -4 - 38. What is the highest common divisor of b and d?
21
Let y be (22/6 + -2)/((-13)/(-117)). Suppose -280 = -y*k + 11*k. What is the highest common factor of k and 35?
35
Let q(r) = -r**2 - 18*r + 73. Let f be q(-21). What is the greatest common factor of f and 115?
5
Let k = 157 - 137. What is the highest common factor of k and 5?
5
Let l = -9 - -8. Let g be ((-7)/l)/(6/12). Calculate the greatest common factor of g and 112.
14
Let v = 403 + -307. Calculate the highest common factor of 6 and v.
6
Let f(p) = p**3 + 22*p**2 + 24*p + 67. Let j be f(-21). What is the greatest common divisor of 54 and j?
2
Let z = -187 - -476. Suppose -114 = 7*j - z. Calculate the greatest common factor of 200 and j.
25
Suppose 8 + 2 = -2*c + 5*u, 0 = c + 2*u - 13. What is the greatest common divisor of 10 and c?
5
Let z(f) = f**3 - 2*f**2 - 4*f - 2. Let r be z(-2). Let c(l) = l - 2. Let q be c(r). Let b = 13 + q. Calculate the highest common divisor of 5 and b.
1
Let w be (-17)/(-4) - (-3)/(-12). Suppose -w*k = -k - 240. What is the highest common divisor of 32 and k?
16
Let i(u) = 14*u. Let z be i(42). What is the greatest common divisor of z and 84?
84
Let d be -2 + 15 - 2 - 0. Suppose -54*o = 38*o - 1012. Calculate the highest common factor of d and o.
11
Let s(t) = t**3 - 5*t**2 + 4*t. Let r be s(4). Suppose r = 5*o - 7*o + 784. Suppose d = -6*d + o. What is the greatest common factor of 7 and d?
7
Suppose -3*r + 62 = 5*b, 3*b + 2*b = 5*r + 30. Suppose -c = -5*w + 6, -w + b = c + c. Suppose w = 3*k - 4. Calculate the greatest common factor of 2 and k.
2
Suppose 4*z - z - 21 = 0. Suppose -4*t = -3*t - z. Suppose 3*a - 3 = 60. What is the greatest common factor of t and a?
7
Suppose 2*z + 7 = 1, 4*u + z - 109 = 0. Let c = -693 - -735. Calculate the highest common factor of u and c.
14
Suppose -5*h = -3*z + 78, -z - 20*h + 19*h = -26. Calculate the greatest common divisor of 6 and z.
2
Let o(f) = f**2 + 9*f + 12. Let y be o(-6). Let c(h) = -18*h - 10. Let t be c(y). Let l be (-20)/(-2)*t/35. What is the greatest common divisor of l and 70?
14
Suppose z - 5*r = 8, z - 4*r = 3*z - 2. Let n(b)